g) = 3*g - 2. Let v be r(4). Suppose 0*z + 2*z - v = 0. Let u(l) be the second derivative of -l**4/12 + 5*l**3/6 + 7*l**2/2 + l. Determine u(z).
7
Let s be (0 - 2) + 2 - -2. Suppose 0 = 2*j - 2*r - 14, 5*r = -4*j + s*j. Suppose -x - g = j, -25 = 6*x - 4*x + 5*g. Let w(d) = d**2 + d. Determine w(x).
0
Let s(u) = -2*u**2 + 10*u - 8. Let o = -134 + 140. Determine s(o).
-20
Let g(q) be the third derivative of q**4/24 - 11*q**3/6 - 7*q**2. What is g(0)?
-11
Let d(c) = 3*c**3 - 5*c**2 - 6*c - 1. Let r(s) = -9*s**3 + 14*s**2 + 17*s + 3. Let o(a) = -17*d(a) - 6*r(a). Give o(1).
3
Suppose -12 = 7*a - 2*a - 4*r, 5*a = -5*r + 15. Let q(m) = -1 + m + 0 + a. Determine q(-5).
-6
Let h(l) = -2*l - 7. Let i = 10 + -7. Suppose -c + i*c + 12 = 0. What is h(c)?
5
Let z(c) = c**3 - 6*c**2 + 7*c - 4. Suppose -7*x - 19 = -11*x - 3*f, -13 = -4*x + 3*f. What is z(x)?
-8
Let h(v) be the first derivative of v**2/2 + 3*v + 7. Let p(r) = -1. Let j be (1/2)/1*2. Let s(l) = j*h(l) + 4*p(l). Calculate s(-1).
-2
Let t(y) = y**2 + y - 17. Let p be t(-5). Let d(o) be the second derivative of 1/6*o**p - 1/10*o**5 + 0*o**4 - 1/2*o**2 + 0 + 3*o. Calculate d(1).
-2
Let f(l) = l - 1. Suppose -u - 3 = -7. Suppose 0 = -u*m + r - 6*r + 25, -3*m = -3*r + 15. Let t be (-1)/1*(m + 1). What is f(t)?
-2
Let v(p) = -2*p - 4. Suppose 4*t = 53 + 11. Suppose 0*l - t = 4*l. Determine v(l).
4
Let l be (4/3)/((-6)/(-9)). Let k(s) = -l - 2*s**2 + 0 + 3*s + s - 1. Let g be 6/9 + 4/3. Calculate k(g).
-3
Let m(b) = b + 3. Let w(g) be the first derivative of -g**6/360 + g**4/24 + g**3/3 - 2. Let k(a) be the third derivative of w(a). Let q be k(1). What is m(q)?
3
Let g(v) = -v**2 + v. Let y be 4/(3 + -15)*15. Let p(d) = 4*d**2 - 5*d. Let z(b) = y*g(b) - p(b). Determine z(2).
4
Let p be 24/84 - (-37)/(-7). Let x(y) = -y**2 - 6*y + 1. Determine x(p).
6
Let m(r) = -2*r**2 - 5*r. Let s = -16 - -22. Let j be s/(-4)*32/12. What is m(j)?
-12
Let i be (0/(6/2))/(-1). Suppose -4*o + i*u = u + 17, -5*o - 19 = 2*u. Let w(t) = 2*t - t + 7 + 2*t. Calculate w(o).
-8
Let x(s) = s**3 + 10*s**2 - 8*s. Let a(f) = f**3 + 9*f**2 - 7*f. Let t(w) = -7*a(w) + 6*x(w). Let h = -8 + 3. Let d = 3 + h. Determine t(d).
-6
Let l(a) = -8*a**3 + 14*a**2 + 21*a - 3. Let g(m) = 3*m**3 - 7*m**2 - 10*m + 1. Let x(w) = 5*g(w) + 2*l(w). Give x(-6).
11
Let m be ((-15)/9)/(5/(-15)). Let w(b) = b + 3. Determine w(m).
8
Let o(h) = 11*h**2 - 20*h + 20. Let i(r) = -7*r**2 + 13*r - 13. Let x(b) = 8*i(b) + 5*o(b). What is x(6)?
-16
Let n be (2/(-4))/((-1)/(-10)). Let m(f) be the first derivative of f**4/4 + 5*f**3/3 + f**2/2 + 2*f - 30. What is m(n)?
-3
Let k be -10*(3/(-2) - -1). Let a(x) be the third derivative of -x**6/120 + x**5/12 - x**4/24 + x**3/2 + 8*x**2. Calculate a(k).
-2
Let h(f) = 3*f - 9. Let i be h(4). Suppose 5*j + 3*b = 2*j + 12, -i*b - 44 = -5*j. Let q(c) = c - 9. Calculate q(j).
-2
Let q(v) = -6*v**3 + 2*v**2 + 2*v + 1. Let b be ((-8)/((-16)/6))/(-3). What is q(b)?
7
Let u(p) = p**3 - 6*p**2 + 2. Let l be u(6). Let s(d) = 2 + l*d**2 - 4 - 5*d + 2*d. Let i be (0 - 44/(-16)) + (-3)/(-12). Calculate s(i).
7
Let w = 69 + -69. Let d(t) be the third derivative of -t**3 + 0 + t**2 + 1/60*t**5 + 0*t + w*t**4. Determine d(0).
-6
Let x(s) = -s**3 - 3*s**2 - s - 2. Let r be x(-3). Suppose k + 3 = 4*z, -z = 4*k + r - 6. Let v(f) = -8*f**3 - f + 1. Give v(k).
-8
Let t be 3/15 - (-2)/(-10). Let y(z) = 2 + z + z + t. Let k = 5 + -3. Calculate y(k).
6
Suppose 0 = -4*k - 2*o + 2, 2*o - 2 = -5*k - 0*k. Let r(d) be the third derivative of -5/24*d**4 + 0 + 1/6*d**3 - 2*d**2 + k*d. What is r(-1)?
6
Let g(q) = 5*q + 1. Let p(c) = -36*c - 6. Let t be (-1)/5 + (-42)/(-10). Let k be (t/6)/(1/(-3)). Let f(x) = k*p(x) - 15*g(x). What is f(-2)?
3
Let i(g) = -g**2 + g + 3. Let s(j) = j + 4. Let n(d) = -3*i(d) + 2*s(d). Let q(r) = r**3 - r - 1. Let z be q(-1). What is n(z)?
3
Suppose -3*k - 2*k + 21 = -x, 4*k - 20 = 0. Suppose i - 56 = 2*o, x*o - 4*i + 168 = 52. Let d be (o/6 - -3)*-2. Let m(l) = -l**2 + 2*l + 4. Give m(d).
1
Let b(i) = -4*i - 28. Let q be b(-7). Let o(g) = -g**2 + g + 17. What is o(q)?
17
Let p(z) = -20*z + 23. Let o(b) = -7*b + 8. Let i(g) = -11*o(g) + 4*p(g). Let l be 78/30 + 6/15. Give i(l).
-5
Let k(w) = w**3 - 9*w**2 - w + 13. Let h be k(9). Let j(c) = -6 + 9 + 6*c - 2*c - 2*c**2 - 1. Calculate j(h).
-14
Suppose -5*k = -w - 9, 0 = -3*k + 5*w + 2 - 1. Let b(l) = -3 + 3*l - l + k - l**2. Let s(z) = z**2 - 10*z + 11. Let n be s(9). Calculate b(n).
-1
Let f(d) = -2*d + 8 - d + 4*d. Determine f(0).
8
Let y(x) be the second derivative of -2/3*x**3 + 1/4*x**4 + 0 - 2*x**2 + 1/20*x**5 - 4*x. Give y(-4).
-4
Let b(f) = 18*f**2 - 25*f**2 + 14*f**2 - 8*f - 2. Let p(q) = -6*q**2 + 7*q + 1. Let m(x) = 5*b(x) + 6*p(x). What is m(3)?
-7
Let i(a) = a**3 + 27*a**2 + 24*a - 61. Let u be i(-26). Let c(d) = d**2 + 7*d - 11. Calculate c(u).
7
Let d = -3 + 5. Suppose -13 = d*j + 3*j - 2*x, j + 7 = -4*x. Let w(a) = -a**3 - 3*a**2 + 2*a + 4. What is w(j)?
-2
Let y(t) be the second derivative of -t**4/12 + t**3/6 + 2*t**2 + 12*t. What is y(3)?
-2
Let u(q) = -2*q + 12*q**3 - 6*q**2 - 11*q**3 + 9*q - 4. Suppose -5*j = -0*j. Let m be (1 - j) + 1*3. What is u(m)?
-8
Let r(p) = -p**2 - p - 1. Let h(d) = 4*d**2 - 4*d + 5. Let w(v) = -h(v) - 2*r(v). Give w(4).
-11
Let t = 37 + -38. Let y(j) = -20*j. Give y(t).
20
Let m(p) = -p**3 + 2*p**2 - 2. Let j be m(2). Let x(s) be the second derivative of -s**4/4 - s**3/3 + s**2/2 + 29*s. Calculate x(j).
-7
Let g(l) = 15 - 5*l**2 + 2*l**3 + 2*l**2 - 5*l - 13. Determine g(3).
14
Let m(j) = j**3 - 5*j**2 - 5. Let w be (-16)/56 + 74/14. What is m(w)?
-5
Let l(h) be the first derivative of -h**2 + 2*h + 24. What is l(3)?
-4
Suppose 3*y = -1 - 8. Let g(h) = h**3 + 2*h**2 - 2*h - 2. Give g(y).
-5
Let l be -2*5*15/(-25). Let d(p) = p + 7 - 10 + l. Let n(j) = j**2 - 6*j + 3. Let k be n(4). Determine d(k).
-2
Let u(f) = -1. Let o(c) = c + 3. Let g(s) = -o(s) - 5*u(s). Suppose 2*k - 3*b = k, 0 = b. Suppose 4*l - 2*z + 12 = 0, -2*z + 3 - 7 = k. Determine g(l).
6
Let w(f) be the second derivative of -f**3/6 + f**2/2 - f. Suppose 1 = -3*d + 2*b - 4, -20 = 4*b. Calculate w(d).
6
Let t(f) = f**2 + 9. Suppose -4 = -3*g + 2*v - 0, -5*v - 10 = -g. Calculate t(g).
9
Let v = 2 - 2. Let u(x) be the third derivative of 1/60*x**5 + 0 - 1/24*x**4 + 4*x**2 + 0*x - 7/6*x**3. Give u(v).
-7
Let f be (-7)/(-28) - 51/12. Let i(j) = j**2 + 5*j + 3. Calculate i(f).
-1
Let o be (-6)/4*-2 + 0. Let l(g) = -3*g**3 + 2*g + 2*g**o - 2*g**2 + g - 1 + 2. Give l(-3).
1
Suppose 4*o + 12 = -2*v - 8, 4 = 4*o - 4*v. Let g be ((-6)/4)/(o/(-4)). Let p(k) = 3*k + 2. Let h(y) = -6*y - 4. Let s(f) = -2*h(f) - 5*p(f). Calculate s(g).
4
Let n(d) = 9*d**2 + 2*d + 1. Let q(w) = w**3 + 8*w**2 + 2. Let o be q(-8). Suppose 0 = 3*y + 2*v - 17, 14 = 2*y + y - v. Suppose 3*i + o*i = -y. Determine n(i).
8
Let y(a) = -a**2 + 3*a - 1. Let v be 7/((-7)/(-6)) + -3. Suppose 0 = -4*f + v*f + 3. What is y(f)?
-1
Let j(x) = 13 + x**2 + 5*x - 10 - 2*x. What is j(-5)?
13
Let j(k) = -6*k - 3. Suppose -51 = -12*b + 29*b. Give j(b).
15
Let s(o) = o**2 - 2*o. Let v(z) = z**3 - 13*z**2 - 30*z + 2. Let f be v(15). Calculate s(f).
0
Let q(a) = -2*a + 5. Suppose g = -1, 21 = 3*o + 5*g - 37. Let z = o + -15. Calculate q(z).
-7
Let j(z) = z**2 + 2*z + 1. Suppose 1 = l - 2*l. Calculate j(l).
0
Let q be (-2)/(-7) + (-47)/(-7). Let a(y) = y - q*y - y + 2*y. Suppose 2*j - 2 = -4*r, -4*r = -4*j - 2*r + 4. Give a(j).
-5
Let v(y) be the first derivative of -y**2/2 + 2*y + 3. Let c be v(4). Let d = 0 + c. Let u(o) = o**3 - 2*o + 1. Give u(d).
-3
Let s(m) = -m**2 - m. Let y(b) = -b**3 - 4*b**2 - 2*b - 3. Let k(a) = -2*s(a) + y(a). Calculate k(-3).
6
Let h be 4 - 4 - (-1 - 0). Let z(p) be the first derivative of -3*p**2 + 3 - 5 - 3 + 3. What is z(h)?
-6
Let x be 5 - ((2 - -2) + -2). Let s = -15 + 26. Suppose 4*c - s = 3*y, y - x = 4*c - 4. Let n(d) = 10*d. Determine n(c).
-10
Let d be -1 + (-3)/(-1 + -2). Suppose d*x - x = -11. Let v = 7 - x. Let b(n) = n**2 + 4*n + 2. What is b(v)?
2
Let s(y) be the second derivative of y**2/2 - 2*y. Let f(m) = -m**3 + 3*m**2 + 3*m - 1. Let z(k) = -f(k) - 3*s(k). Let u be 2/4 + (-21)/(-6). Determine z(u).
2
Let l(x) = -x**2. Let h(y) = -4*y**2 - 7*y - 5. Let f(i) = -h(i) + 3*l(